e remainder when 175 is divided by m.
15
Suppose 2*m + 0*v + v - 53 = 0, 0 = -v + 7. Let a be 3/(-12) - (-2)/8. Suppose a*d = -3*d + 195. What is the remainder when d is divided by m?
19
Let l(f) = 51*f + 43. Let j(y) = -25*y - 21. Let z(p) = 13*j(p) + 6*l(p). Calculate the remainder when z(-7) is divided by 42/(-35)*40/(-2).
22
Suppose 4*q - 1246 = -0*f - 3*f, -2 = f. Let n = 316 - q. Calculate the remainder when 5 is divided by n.
2
Calculate the remainder when ((-63)/(-18) - 2)*1588/6 is divided by 35.
12
Let j(s) = 5*s - 2. Let r be j(-5). Let b = r - -33. What is the remainder when 2/4*(48 + b) is divided by 8?
3
Suppose -208*l + 71917 = 35178 - 56445. Calculate the remainder when l is divided by 222.
4
Let l = 8 + 2. Let s = l - -28. What is the remainder when 2 + (-55 + 11 - -267) is divided by s?
35
Let o(a) = a**2 - 346. Let z be o(-19). Suppose z*f = -388 + 6523. What is the remainder when f is divided by 103?
100
Let b(h) = h**3 - 20*h**2 - 221*h - 45. Calculate the remainder when 2286 is divided by b(28).
24
Let p(w) = 63*w + 13. Let z be p(1). Suppose -4*d - 4*q = -z + 12, d + 5*q = 28. Calculate the remainder when 113 is divided by d.
9
Let o(v) = 159*v - 1035. What is the remainder when 3504 is divided by o(7)?
72
Let u(g) = g**3 + 6*g**2 + 12*g + 5. Let x be u(-5). Let c(z) = -z**3 - 30*z**2 + 76. Calculate the remainder when 454 is divided by c(x).
74
Let q(j) = j**3 + 54*j**2 - 160*j - 2541. Calculate the remainder when 2350 is divided by q(-56).
145
Let c = -86 + 223. Let u = 1210 - 1207. Suppose b = -5*a + 35, -29*a = u*b - 25*a - 105. Calculate the remainder when c is divided by b.
32
Let c be 0*(6/(-9))/(0 + -2). Suppose c = -2*h - 21 + 51. Suppose 41 = 7*t - h. What is the remainder when 22 is divided by t?
6
Let v be ((-15)/(-6))/(4/8). Suppose 0*j = j - v. Suppose -j*l = -275 + 60. What is the remainder when l is divided by 12?
7
Suppose 0 = 4*y - 4 + 20. Let d(o) = -o**3 - 3. Calculate the remainder when d(y) is divided by 6/(-33) - 9000/(-1100).
5
Let b = 5706 + -4438. What is the remainder when b is divided by 47?
46
Let i(q) = -25*q + 28. Let c = -112 + 113. What is the remainder when 5 is divided by i(c)?
2
Let q = -3018 - -3064. Calculate the remainder when 704 is divided by q.
14
Let w = -118 - -126. Suppose -5*x + 18 = w. Calculate the remainder when 4 is divided by x.
0
Suppose -4*a + 23*x = 26*x - 12, -4*x - 3 = -a. What is the remainder when 55 is divided by a?
1
Suppose 130 = b + x, 3 + 22 = 5*x. Suppose -227 - b = -4*l. Suppose 7*f = 3*f + 92. Calculate the remainder when l is divided by f.
19
Let i be (0 + 4)/(-8*5/(-30)). Suppose -2*t + 130 = 5*u, -55 = -t - i*u + 12. Calculate the remainder when t is divided by 14.
13
Suppose 34564 = 197*v + 6393. What is the remainder when v is divided by 16?
15
Suppose -4*u + 4*l + 35 = 107, -3*l = 2*u + 56. Calculate the remainder when 297/11 - (1 - 1 - -1) is divided by (3/(9/u))/((-6)/9).
4
What is the remainder when 69 is divided by 21*(-6)/(-294)*7?
0
Let r(o) = o**2 - 13*o + 36. Let j be r(14). Suppose -2*m = d - j, 0 = -d - 4*m + 11 + 37. What is the remainder when 162 is divided by d?
6
Let x(v) = 34*v - 59*v + 171 + 4*v. What is the remainder when 314 is divided by x(6)?
44
Let d = -181 - -54. Let t = -109 - d. Let k(v) = 8*v**2 + 5*v - 4. Calculate the remainder when k(-4) is divided by t.
14
Suppose -3*v + 36 = 12. Let x(b) = 6*b - 64. Let u = 134 + -123. What is the remainder when v is divided by x(u)?
0
Let q = 669 + -605. Let v = 318 - -128. What is the remainder when v is divided by q?
62
Let w(u) = -14*u + 1. Let i(c) = -239*c + 969. Calculate the remainder when w(-4) is divided by i(4).
5
Let p = -76 + 76. Suppose -24*t + 1166 + 2266 = p. What is the remainder when t is divided by 25?
18
Let w = -67 + -31. Let k = -102 - w. What is the remainder when -3 + k*(-57 - 1) is divided by 58?
55
Suppose w = 1, -w + 0*w + 9 = 4*n. Suppose -7 + 5 = -n*u. Suppose -3*v = u - 25. What is the remainder when 18 is divided by v?
2
What is the remainder when 5/(-2)*12112/(-40) is divided by 95?
92
Calculate the remainder when 11494/35 - (-7)/((-70)/(-6)) is divided by 173.
156
Let d = -4159 - -4269. Calculate the remainder when 4506 is divided by d.
106
Suppose 186*r = 169*r - 85 + 1054. Calculate the remainder when 254 is divided by r.
26
Let m = -27286 + 29496. What is the remainder when m is divided by 246?
242
Suppose -182*i - 42111 + 716603 = 0. Calculate the remainder when i is divided by 35.
31
Let z(j) = j + 16. Let p be -1 + 36 - 3*(-1)/(-3). Suppose p = 10*u - 8*u. Calculate the remainder when 65 is divided by z(u).
32
Suppose 6*b - 30*b + 2304 = 0. Let r = 7 - -10. Calculate the remainder when b is divided by r.
11
Suppose -2*r = 4*u + 174, -2*u = 3*r - r + 180. Let k = 110 + r. Calculate the remainder when k is divided by 6.
5
Let u = 30 + -23. Let a(h) = 6*h - 8 - 10 + 18. Calculate the remainder when a(u) is divided by 9.
6
Suppose -5*h = -x + 291, 2*x + 3*x - 3*h = 1499. Let m(a) = a**3 + 16. Calculate the remainder when x is divided by m(0).
13
Let g = 4535 - 2626. Calculate the remainder when g is divided by 33.
28
Suppose -z + h = -0 - 6, 4*z = -5*h + 24. Suppose -n + 3*f + 134 = 0, -266 = -2*n - 312*f + 316*f. Calculate the remainder when n is divided by z.
5
Suppose -5*t = -3*d - 437, 15*t + 5*d = 10*t + 445. Suppose t*v = 91*v - 126. Calculate the remainder when v is divided by 11.
9
Let r = 5093 + -2996. Calculate the remainder when r is divided by 21.
18
Let i = 5883 + -5748. Calculate the remainder when i is divided by 39.
18
Suppose 4*g = -5*x + 3603, -4*g - 13 = -1. What is the remainder when x is divided by 186?
165
Let a(d) = -d**3 - 22*d**2 + 25*d + 67. Let y be a(-23). Let o(n) = -3*n**3 + n + 1. Calculate the remainder when o(-2) is divided by 245/y + 7/21.
11
Suppose 1613*i - 1160 = 1573*i. What is the remainder when 1592 is divided by i?
26
Suppose 0 = -5*g + v - 177, 5*v = 9*g - 14*g - 165. Let n = 6 + 1. What is the remainder when n is divided by 1/4*(-420)/g?
1
Suppose 350 = 5*s - d, -4*s + 3*d + 261 = 6*d. Let l = -493 + 581. Let j = l - s. Calculate the remainder when j is divided by 6.
1
Let k(a) = a**3 - 8*a**2 + 3*a - 14. Let r be k(8). Let f = -259 + 301. Calculate the remainder when f is divided by ((-276)/60)/((-2)/r).
19
Let j = -262 - -626. Calculate the remainder when j is divided by 213.
151
Let r be 1/((-1 - -3)/2)*210. Suppose -5*y - 5*y = -r. What is the remainder when 112 is divided by 4 + 329/y + 2/(-3)?
17
Suppose -3*y = -2*g - 670, -12*g + 10*g = 2*y - 450. Let f = -426 + 441. What is the remainder when y is divided by f?
14
Let h = 1517 + -1241. Calculate the remainder when h is divided by 48.
36
Suppose 4*k - 42 = 58. Suppose 0 = -2*s - 3*w - 2*w + k, 0 = s + 5*w - 5. Calculate the remainder when 29 is divided by s.
9
Suppose 2*r + 4*q - 4 = -q, -10 = -5*r - 5*q. Let p(a) = 2*a**3 - 4*a**2 - 25*a + 56. Calculate the remainder when p(2) is divided by r.
0
Suppose -5*y - 40 = -5*v, 2*v + 30*y - 26 = 34*y. Suppose 24 = 2*z - 16. Calculate the remainder when z is divided by v.
2
Let m(g) = -14*g**3 + 7*g**2 - g + 1. Let x(h) = -h**2. Let i(j) = -m(j) - 6*x(j). Let o = 613 - 591. What is the remainder when o is divided by i(1)?
9
Suppose 200807 - 200789 = 6*i. What is the remainder when (0 - -24)*(0 + 1) is divided by i?
0
Let p(h) = h**3 + 4*h**2 + 6*h + 8. Let u be p(-3). Let q(o) = 41*o**2 - 1. Let n be q(u). Calculate the remainder when 50/n*(1 + 0 + 83) is divided by 27.
24
Let c(v) = -11*v + 6. Let d be c(0). Suppose o = 25 + d. Calculate the remainder when o is divided by 12.
7
Calculate the remainder when (99235/669)/(5/3) is divided by 52.
37
Suppose 0 = -197*m + 198*m - 5*c - 34, 2*c = -4*m + 114. Calculate the remainder when 61 is divided by m.
3
Suppose -50*t - w = -55*t + 8470, -5*w + 6805 = 4*t. Calculate the remainder when 5096 is divided by t.
11
Let d(s) be the third derivative of s**5/60 - s**4/2 - 13*s**3/6 + 4*s**2 - 3. Let u(c) = -6*c - 11. Calculate the remainder when d(16) is divided by u(-4).
12
Let d(m) = -6*m**2 + 3*m**2 - 11 - 19*m**2 + m**3 - 4*m. Let j be d(22). Let p = -80 - j. What is the remainder when 34 is divided by p?
15
Let c = -29 - -29. Suppose 2*f + 2*f - 3*j - 87 = 0, -4*